408463827.
3, 136154609
List the prime factors of 1820377226.
2, 31, 1193, 24611
List the prime factors of 2923842512.
2, 17, 19, 41, 13799
What are the prime factors of 63466663?
13, 229, 21319
List the prime factors of 571957007.
6781, 84347
List the prime factors of 66912454.
2, 7, 29, 164809
List the prime factors of 273365639.
273365639
List the prime factors of 2440307293.
2999, 813707
What are the prime factors of 1665429284?
2, 29, 14357149
What are the prime factors of 5184173374?
2, 67, 151, 256211
List the prime factors of 212398705.
5, 42479741
List the prime factors of 70474193.
227, 310459
What are the prime factors of 490902632?
2, 11, 5578439
List the prime factors of 154976381.
7, 22139483
What are the prime factors of 660085255?
5, 132017051
List the prime factors of 72840326.
2, 13, 643, 4357
List the prime factors of 23102987.
4177, 5531
List the prime factors of 238824658.
2, 103, 617, 1879
List the prime factors of 59142832.
2, 7, 29, 131, 139
What are the prime factors of 467447723?
29, 947, 17021
List the prime factors of 47779476.
2, 3, 229, 17387
List the prime factors of 2160415474.
2, 7, 1283, 120277
List the prime factors of 550074872.
2, 269, 443, 577
What are the prime factors of 92379267?
3, 1093, 9391
What are the prime factors of 1775265040?
2, 5, 22190813
List the prime factors of 263529536.
2, 229, 17981
List the prime factors of 434552914.
2, 19, 11435603
List the prime factors of 2607587664.
2, 3, 11, 19, 29, 8963
What are the prime factors of 117410467?
117410467
What are the prime factors of 17466017?
17466017
List the prime factors of 876418916.
2, 2377, 92177
What are the prime factors of 3492027975?
3, 5, 46560373
List the prime factors of 5668180.
2, 5, 7, 40487
List the prime factors of 1022768965.
5, 307, 569, 1171
What are the prime factors of 535241758?
2, 1901, 140779
What are the prime factors of 231276388?
2, 7, 8259871
List the prime factors of 289898916.
2, 3, 421, 57383
What are the prime factors of 43179748?
2, 10794937
List the prime factors of 370275943.
109, 3397027
What are the prime factors of 1239981790?
2, 5, 4679, 26501
List the prime factors of 346007273.
17, 1197257
List the prime factors of 748258121.
13, 887, 64891
List the prime factors of 94699847.
11, 8609077
What are the prime factors of 3731319951?
3, 1243773317
List the prime factors of 3012274941.
3, 13, 77237819
List the prime factors of 2570759066.
2, 79, 16270627
List the prime factors of 333711154.
2, 7, 23836511
What are the prime factors of 114745042?
2, 5449, 10529
List the prime factors of 2944031743.
2944031743
List the prime factors of 28028822.
2, 751, 18661
List the prime factors of 62055456.
2, 3, 646411
What are the prime factors of 501334141?
7, 11, 930119
What are the prime factors of 38896104?
2, 3, 13, 59, 2113
What are the prime factors of 6641305?
5, 11, 17, 7103
What are the prime factors of 291583978?
2, 7, 20827427
What are the prime factors of 7892570?
2, 5, 7, 137, 823
What are the prime factors of 65914229?
4373, 15073
What are the prime factors of 1823840699?
17, 107284747
List the prime factors of 1522021534.
2, 11, 69182797
What are the prime factors of 1562826489?
3, 7, 74420309
What are the prime factors of 1243491604?
2, 310872901
What are the prime factors of 57489738?
2, 3, 1831, 5233
What are the prime factors of 524060106?
2, 3, 23, 107, 35491
What are the prime factors of 3387549?
3, 11, 102653
List the prime factors of 767892029.
109, 7044881
What are the prime factors of 106423484?
2, 19, 23, 107, 569
What are the prime factors of 1194517841?
11, 79, 1374589
List the prime factors of 1455750173.
31, 1039, 45197
What are the prime factors of 118880038?
2, 37, 1606487
What are the prime factors of 1248283874?
2, 37, 16868701
List the prime factors of 324826715.
5, 1777, 36559
List the prime factors of 2933504.
2, 7, 1637
List the prime factors of 202847051.
11, 23, 167, 4801
What are the prime factors of 68914885?
5, 13, 1060229
List the prime factors of 23997240.
2, 3, 5, 191, 349
What are the prime factors of 641552869?
23, 27893603
What are the prime factors of 4666095309?
3, 139, 11189677
List the prime factors of 36504492.
2, 3, 53, 57397
List the prime factors of 85009668.
2, 3, 53, 73, 1831
List the prime factors of 269776921.
419, 643859
What are the prime factors of 2342597722?
2, 17, 1747, 39439
List the prime factors of 85605000.
2, 3, 5, 13, 439
What are the prime factors of 12264160?
2, 5, 76651
List the prime factors of 45871656.
2, 3, 1911319
List the prime factors of 1518131018.
2, 16879, 44971
List the prime factors of 171431366.
2, 17, 5042099
List the prime factors of 816333017.
229, 661, 5393
List the prime factors of 6138692.
2, 7, 271, 809
List the prime factors of 40158236.
2, 10039559
List the prime factors of 414307659.
3, 29, 631, 7547
What are the prime factors of 15998180?
2, 5, 11, 72719
What are the prime factors of 271231930?
2, 5, 857, 31649
What are the prime factors of 28881205?
5, 5776241
What are the prime factors of 2613097020?
2, 3, 5, 59, 738163
List the prime factors of 1665140070.
2, 3, 5, 11, 5045879
List the prime factors of 1869720657.
3, 7, 241, 571, 647
What are the prime factors of 4758800419?
4758800419
List the prime factors of 64957166.
2, 32478583
What are the prime factors of 1011102236?
2, 11897, 21247
What are the prime factors of 173533551?
3, 23, 67, 37537
What are the prime factors of 13349496?
2, 3, 556229
List the prime factors of 292896383.
13, 17, 389, 3407
List the prime factors of 91863413.
59, 1557007
What are the prime factors of 57172771?
211, 270961
List the prime factors of 301239794.
2, 19, 71, 111653
List the prime factors of 14560636.
2, 17, 233, 919
List the prime factors of 753853518.
2, 3, 11, 3807341
What are the prime factors of 1486696426?
2, 29, 25632697
What are the prime factors of 323024318?
2, 161512159
List the prime factors of 1916230351.
7, 19, 67, 359, 599
List the prime factors of 2968886842.
2, 107, 271, 51193
What are the prime factors of 350060619?
3, 137, 6217
What are the prime factors of 4250078946?
2, 3, 236115497
What are the prime factors of 1010474294?
2, 157, 251, 12821
List the prime factors of 38723322.
2, 3, 11, 337, 1741
What are the prime factors of 28317493?
3617, 7829
What are the prime factors of 497492037?
3, 7, 877411
List the prime factors of 36879823.
109, 338347
What are the prime factors of 2605422741?
3, 1283, 676909
What are the prime factors of 8779965?
3, 5, 683, 857
List the prime factors of 1766608375.
5, 7, 2018981
What are the prime factors of 1542789080?
2, 5, 7, 733, 7517
What are the prime factors of 79931558?
2, 7, 5709397
List the prime factors of 31188540.
2, 3, 5, 17, 30577
What are the prime factors of 50861291?
13, 53, 73819
What are the prime factors of 1315095051?
3, 19, 31, 744253
List the prime factors of 27325643.
27325643
What are the prime factors of 57928390?
2, 5, 13, 191, 2333
What are the prime factors of 36496628?
2, 7, 47, 27733
List the prime factors of 12863813.
12863813
List the prime factors of 11915940.
2, 3, 5, 198599
List the prime factors of 97809448.
2, 11, 461, 2411
List the prime factors of 12411365.
5, 61, 40693
List the prime factors of 696840438.
2, 3, 7, 17, 975967
What are the prime factors of 4189165772?
2, 11, 17, 97, 57737
List the prime factors of 92214046.
2, 103, 447641
What are the prime factors of 133334221?
67, 103, 139
List the prime factors of 27916110.
2, 3, 5, 103393
List the prime factors of 364692774.
2, 3, 60782129
List the prime factors of 35319998.
2, 7, 1031, 2447
List the prime factors of 233149436.
2, 13, 23, 151, 1291
What are the prime factors of 48358718?
2, 29, 227, 3673
List the prime factors of 57824364.
2, 3, 13, 28513
What are the prime factors of 59593877?
7, 2213, 3847
What are the prime factors of 1605377230?
2, 5, 23, 6979901
What are the prime factors of 1127814787?
11, 19, 61, 88463
What are the prime factors of 283556?
2, 7, 13, 19, 41
What are the prime factors of 61593940?
2, 5, 3079697
What are the prime factors of 56518673?
19, 31, 95957
List the prime factors of 20210555.
5, 4042111
List the prime factors of 2299067878.
2, 1149533939
What are the prime factors of 388617551?
7, 5551679